a
In base 5, what is -20232 + 31?
-20201
In base 12, what is 20693 - -5?
20698
In base 8, what is -2 + 2457276?
2457274
In base 8, what is -227761 + 1?
-227760
In base 11, what is 2a96 - 215?
2881
In base 3, what is 11 - -12111020?
12111101
In base 9, what is -67455 - -1?
-67454
In base 12, what is 1 + -5613?
-5612
In base 5, what is 10 + -3242444?
-3242434
In base 9, what is -103 - -32807?
32704
In base 4, what is 1000212 + 3?
1000221
In base 8, what is -2425 + -76?
-2523
In base 14, what is 35506 - -c?
35514
In base 15, what is -149 - 369?
-4b3
In base 9, what is -228037 + 0?
-228037
In base 4, what is 31332201 - 20?
31332121
In base 11, what is -4 - 5a025?
-5a029
In base 6, what is 41 + 1100045?
1100130
In base 4, what is -2010101 + -322?
-2011023
In base 7, what is 214023 + 12?
214035
In base 8, what is 211410 + -6?
211402
In base 5, what is -140024 - -24?
-140000
In base 6, what is 11420341 + -4?
11420333
In base 5, what is -11402 + 2104?
-4243
In base 12, what is -2 - 1853b?
-18541
In base 5, what is 2034 - 22022?
-14433
In base 16, what is 0 + 93e18?
93e18
In base 2, what is -100001111101101 - 11001?
-100010000000110
In base 6, what is -32 - 554?
-1030
In base 13, what is 1c9 - b?
1bb
In base 5, what is 20020 + -133?
14332
In base 3, what is -11122221012 - 10?
-11122221022
In base 11, what is 6a5 + 623?
1218
In base 14, what is 77 + -312?
-279
In base 6, what is -1 - 1145140?
-1145141
In base 13, what is 141 - -818?
959
In base 16, what is 7 + 76?
7d
In base 3, what is 102120002 - -2?
102120011
In base 2, what is -10010000000 - -10110100101?
100100101
In base 5, what is 30 - 13042?
-13012
In base 10, what is -751344 + 1?
-751343
In base 9, what is 45 - 1434?
-1378
In base 3, what is 201011 - -10210?
211221
In base 14, what is -669 + cc?
-57b
In base 14, what is -d60d - 4?
-d613
In base 12, what is 2 - 2b68?
-2b66
In base 4, what is -222110312 - 12?
-222110330
In base 5, what is -24004201 + -10?
-24004211
In base 13, what is -8 + 10426?
1041b
In base 6, what is -14011531 - -1?
-14011530
In base 2, what is 100000110100010 - -11?
100000110100101
In base 12, what is -25ba + -150?
-274a
In base 6, what is 3 - -1351523?
1351530
In base 12, what is -ab + a0?
-b
In base 9, what is 1222 - 7576?
-6354
In base 8, what is 1037534 + 0?
1037534
In base 12, what is -5b + -29113?
-29172
In base 7, what is 1614125 + 2?
1614130
In base 13, what is -75387 - -2?
-75385
In base 16, what is -1fa + -15?
-20f
In base 13, what is 4 - -3c85c5?
3c85c9
In base 15, what is 0 - 3e39?
-3e39
In base 7, what is -541 + 4400?
3526
In base 10, what is 19099 + -1?
19098
In base 16, what is -3 - -e08?
e05
In base 9, what is -166 - 1740?
-2016
In base 5, what is -1304 - 43210?
-100014
In base 7, what is -4 - -10654?
10650
In base 12, what is -10 + -1a60?
-1a70
In base 5, what is -2142412 + 2?
-2142410
In base 2, what is 1001001110 + 11001011?
1100011001
In base 2, what is -1000111011100110 + 0?
-1000111011100110
In base 13, what is -3 + -3aca0?
-3aca3
In base 6, what is -542401 - 1?
-542402
In base 4, what is 1 - 3023130313?
-3023130312
In base 16, what is -ba7 - f4?
-c9b
In base 4, what is -1103 - -232123?
231020
In base 9, what is -383431 + -14?
-383445
In base 12, what is 9bb - 34?
987
In base 6, what is 1404 - -3315?
5123
In base 9, what is 4 + 41113?
41117
In base 11, what is -3027 - -921?
-2206
In base 5, what is 20 - 3311133?
-3311113
In base 4, what is -10032 + -122331?
-133023
In base 11, what is -5a51a - 0?
-5a51a
In base 10, what is -697 + -5?
-702
In base 14, what is 20 - 11c?
-dc
In base 14, what is -1 + -11a3?
-11a4
In base 15, what is -7 + 1b0b0?
1b0a8
In base 2, what is 1010 + 11000011001010?
11000011010100
In base 10, what is -48 - 4003?
-4051
In base 3, what is 211201022020 - -11?
211201022101
In base 15, what is -463 - -17a?
-2d8
In base 2, what is 100011 + 101110000?
110010011
In base 10, what is -50713 - 4?
-50717
In base 6, what is 3 + -2453335?
-2453332
In base 13, what is -2b77 - -5?
-2b72
In base 6, what is 0 - -2011120?
2011120
In base 16, what is 9 - -921?
92a
In base 9, what is 4 - -1228475?
1228480
In base 14, what is -40 - -4d0?
490
In base 15, what is -54 - 4a40?
-4a94
In base 3, what is 21001211 - -20?
21002001
In base 8, what is -136 - 5021?
-5157
In base 16, what is 3a99 + 5?
3a9e
In base 4, what is 310 - 220013?
-213103
In base 4, what is -11 + 22222011?
22222000
In base 15, what is 0 - ae1a?
-ae1a
In base 2, what is -11001001011011011 - 101?
-11001001011100000
In base 15, what is 0 - -2ccb?
2ccb
In base 11, what is 506 - -689?
1094
In base 16, what is 537 + c?
543
In base 7, what is 34162031 + 5?
34162036
In base 4, what is 133020 + -2112?
130302
In base 11, what is -3 + -526886?
-526889
In base 15, what is 6a828 - -2?
6a82a
In base 14, what is b7b + 3b?
bb8
In base 7, what is -1 - 133620?
-133621
In base 2, what is -11 + 100011110101100?
100011110101001
In base 6, what is -34045 + 55?
-33550
In base 4, what is 10 + 3330202210?
3330202220
In base 10, what is -273834 - 13?
-273847
In base 3, what is 12 - -112011100022?
112011100111
In base 2, what is 100000110 - 101100?
11011010
In base 8, what is 10466 - 205?
10261
In base 10, what is -1 - -30041?
30040
In base 5, what is 4 + 123012412?
123012421
In base 9, what is 113758 - -3?
113762
In base 3, what is 1102202222 + 101?
1102210100
In base 11, what is -306a5 - -2?
-306a3
In base 10, what is 10652 - 216?
10436
In base 8, what is 5 + -420767?
-420762
In base 14, what is 5479 - 7?
5472
In base 5, what is 102203 + -40?
102113
In base 4, what is -333220 + -21300?
-1021120
In base 3, what is 1222101 - 211?
1221120
In base 8, what is -4762 - -17?
-4743
In base 5, what is -2 + 3122002?
3122000
In base 16, what is 58a5 - -132?
59d7
In base 12, what is -164 - -4145?
3ba1
In base 12, what is 1126 - -17?
1141
In base 5, what is 1313044 + 3?
1313102
In base 4, what is 30031 - 21210?
2221
In base 7, what is -25552 + -25?
-25610
In base 11, what is -561 - -3?
-559
In base 16, what is -10f + 735?
626
In base 5, what is -31 + 11202003?
11201422
In base 13, what is -22 + -9697?
-96b9
In base 11, what is 4 + -3a738?
-3a734
In base 4, what is 31 + -23001221?
-23001130
In base 15, what is -703 + 4?
-6ee
In base 13, what is -1 - 1c4ca1?
-1c4ca2
In base 2, what is -1000111000110011 + 1?
-1000111000110010
In base 6, what is 1455 - -53214?
55113
In base 2, what is 1010 + 1111100111?
1111110001
In base 9, what is -4 + -21146?
-21151
In base 9, what is 0 - -14055?
14055
In base 16, what is 365 - 90?
2d5
In base 7, what is -13 - -13202?
13156
In base 14, what is -9 + -114380?
-114389
In base 2, what is 1110110111111001000101 + -1?
1110110111111001000100
In base 10, what is -3191 - -10?
-3181
In base 14, what is -d230 + 2?
-d22c
In base 13, what is 1 + 57a2?
57a3
In base 13, what is 74 + 27b?
322
In base 2, what is 11000011 + -101001010001?
-100110001110
In base 10, what is -3 - -16221?
16218
In base 3, what is 1 + -1222101210112?
-1222101210111
In base 7, what is 56 + 23045?
23134
In base 15, what is a90ac + -3?
a90a9
In base 2, what is 100100011 + -10101010?
1111001
In base 7, what is 1 - 541042?
-541041
In base 11, what is 15 - a0?
-86
In base 5, what is 41 + -22323212?
-22323121
In base 8, what is -1614 - -5202?
3366
In base 16, what is -f + -2a8f?
-2a9e
In base 4, what is 21 - 310320?
-310233
In base 16, what is -e6179 - 5?
-e617e
In base 4, what is -20311031 + 2?
-20311023
In base 2, what is -111101 - 1101000100110100?
-1101000101110001
In base 5, what is -13112144 + 13?
-13112131
In base 10, what is 13 + 52027?
52040
In base 11, what is -5 - -4385?
4380
In base 12, what is 1 - -93421?
93422
In base 10, what is -318667 + 0?
-318667
In base 12, what is 1228 + -1a4?
1044
In base 7, what is -2 - -660603?
660601
In base 11, what is 4 + a4129?
a4132
In base 14, what is 59 - 87?
-2c
In base 3, what is -1 + -2001022?
-2001100
In base 14, what is 9 - ad1bd?
-ad1b4
In base 16, what is 5db9 - -9?
5dc2
In base 6, what is 5222 - -24?
5250
In base 7, what is 31453 + 4?
31460
In base 15, what is -a77b4 + -1?
-a77b5
In base 4, what is -1 - 20102?
-20103
In base 5, what is -103120330 + 14?
-103120311
In base 5, what is -21413 + 43?
-21320
In base 11, what is -4 + 3858?
3854
In base 9, what is 2 + -5422?
-5420
In base 15, w